p + 9. Determine g(8).
25
Let j(u) = -u**2 - 3*u + 244. What is j(-17)?
6
Let d(a) = -a**3 + 6*a**2 - 12*a + 7. Determine d(6).
-65
Let a(h) = h**3 + 11*h**2 + h - 13. Determine a(-11).
-24
Let v(a) = 5*a**2 + 70*a. Calculate v(-14).
0
Let d(t) = 19*t**3 + 3*t**2 - 2*t - 2. Give d(2).
158
Let v(m) = m**3 + 5*m**2 + 3*m - 2. What is v(-4)?
2
Let n(d) = 3*d - 13. Determine n(6).
5
Let a(o) = -o**2 - 19*o - 42. Calculate a(-17).
-8
Let t(w) = w + 10. What is t(-5)?
5
Let q(h) = -6*h + 208. Calculate q(33).
10
Let w(d) = d**3 - 17*d**2 - 19*d + 22. Give w(18).
4
Let m(j) = j**2 + 7*j - 6. What is m(-9)?
12
Let w(k) = 5*k**2 - 4*k + 2. Calculate w(1).
3
Let j(s) = -s**2 - 13*s - 13. Calculate j(-4).
23
Let p(h) = -3*h + 11. Determine p(9).
-16
Let k(w) = -w**3 - 4*w**2 + 12*w + 11. Calculate k(-6).
11
Let r(a) = a**2 - 8*a - 5. What is r(8)?
-5
Let r(c) = -6*c - 4. What is r(5)?
-34
Let l(m) = -m**2 + 16*m + 133. Give l(22).
1
Let w(p) = -p**3 + 14*p**2 - 24*p + 8. Determine w(12).
8
Let p(v) = v**2 - 9*v - 1. Determine p(9).
-1
Let q(b) = 2*b**3 - 6*b**2 + 8*b - 4. Give q(4).
60
Let h(s) = s**3 - 3*s**2 + 6*s - 4. Determine h(4).
36
Let g(i) = i**3 + 26*i**2 - 55*i + 21. What is g(-28)?
-7
Let s(l) = l**2 + 3*l + 4. Determine s(-3).
4
Let o(m) = m**2 - 23*m - 1. Determine o(12).
-133
Let u(n) = n - 38. What is u(11)?
-27
Let r(m) = m**2 - 5*m - 7. What is r(5)?
-7
Let x(d) = -d**3 + 10*d**2 + 11*d + 2. Calculate x(11).
2
Let v(z) = 2*z**3 - z**2 - 2*z + 1. What is v(0)?
1
Let s(u) = 38*u - 180. Calculate s(5).
10
Let y(v) = v**3 - 9*v**2 - 12*v + 22. Determine y(10).
2
Let x(i) = -i - 28. Determine x(-24).
-4
Let a(b) = -3*b - 4. Give a(-7).
17
Let q(d) = 17*d + 328. Give q(-19).
5
Let m(s) = s**3 - 20*s**2 - 8. Give m(20).
-8
Let n(h) = -25*h - 25. Determine n(-1).
0
Let p(f) = 5*f + 2. What is p(0)?
2
Let p(n) = -2*n**2 + 8*n - 8. What is p(4)?
-8
Let x(q) = q**3 + 16*q**2 - 17*q + 34. Give x(-17).
34
Let g(y) = 3*y**2 + 3*y + 1. What is g(-2)?
7
Let k(w) = -w**2 + w - 31. Determine k(0).
-31
Let m(d) = -11*d - 248. What is m(-22)?
-6
Let x(f) = f**3 + 11*f**2 + 18*f. Calculate x(-9).
0
Let x(p) = p - 7. What is x(-3)?
-10
Let x(w) = -w**2 + 201*w - 2439. Calculate x(13).
5
Let f(h) = -100*h + 696. Determine f(7).
-4
Let f(i) = 8*i + 6. Give f(-3).
-18
Let o(r) = -2*r**2 + r + 1. Determine o(2).
-5
Let a(y) = 16*y + 346. Give a(-22).
-6
Let m(t) = t**3 - 7*t**2 + 2*t - 7. Calculate m(7).
7
Let r(u) = u**2 - 25*u + 42. What is r(17)?
-94
Let x(p) = 6*p + 15. Give x(-10).
-45
Let k(i) = 44*i - 9. Determine k(1).
35
Let t(z) = 2*z**2 - 52*z + 81. Calculate t(24).
-15
Let j(k) = -k**3 - 10*k**2 - 8*k + 10. What is j(-9)?
1
Let q(c) = -c**3 + 10*c**2 - 4*c - 19. Give q(9).
26
Let h(u) = -u**3 - 8*u**2 + 7*u - 7. Give h(-8).
-63
Let s(a) = -7*a + 114. What is s(14)?
16
Let c(k) = 6*k - 15. Calculate c(3).
3
Let k(u) = u**2 + 22*u + 95. Calculate k(-15).
-10
Let m(o) = o**3 + o**2 - 4*o - 3. Give m(-3).
-9
Let b(p) = 2*p + 3. Calculate b(-3).
-3
Let t(x) = -x**3 + 7*x**2 + 3*x - 4. Determine t(7).
17
Let u(k) = -k - 10. Give u(-6).
-4
Let o(p) = -19*p - 12. Calculate o(6).
-126
Let p(h) = h + 17. Give p(-14).
3
Let t(f) = -8*f**2 - 2*f + 3. Determine t(-5).
-187
Let k(f) = 5*f + 8. Determine k(5).
33
Let p(k) = k**3 + 4*k**2 - 7*k + 3. Give p(-6).
-27
Let v(t) = 2*t**3 - 12*t**2 - 8*t + 32. Determine v(6).
-16
Let q(y) = y**3 - 3*y**2 - 7*y + 5. Give q(5).
20
Let j(u) = -u**3 + 8*u**2 - 11*u + 20. Give j(7).
-8
Let r(t) = 2*t + 10. Calculate r(0).
10
Let o(i) = 2*i**3 - 31*i**2 + 14*i - 4. Give o(15).
-19
Let d(k) = -3*k**2 - 4*k + 29. Determine d(-4).
-3
Let y(u) = -u**3 - 23*u**2 - 20*u + 22. Determine y(-22).
-22
Let k(j) = -j**2 - 11*j - 2. Determine k(-9).
16
Let q(d) = -d**3 - 6*d**2 + 5*d + 15. What is q(-5)?
-35
Let u(d) = d - 2. Determine u(-4).
-6
Let l(h) = -h - 5. What is l(-5)?
0
Let y(g) = 3*g**2 + 34*g - 14. Determine y(-13).
51
Let y(t) = t**3 - 7*t**2 - 10*t + 14. Calculate y(8).
-2
Let o(k) = -k**3 - 12*k**2 - 7*k + 36. Calculate o(-11).
-8
Let y(v) = v**3 + 4*v**2 + 5*v + 1. Determine y(-4).
-19
Let s(q) = 2*q**2 + 3*q. Give s(-2).
2
Let s(v) = -4*v**3 + v**2 - 2*v + 2. Calculate s(2).
-30
Let h(b) = b**2 - 6*b - 9. Determine h(8).
7
Let f(d) = -d**3 + 7*d**2 - 9*d + 13. Determine f(6).
-5
Let p(u) = -6*u**2 + u. Calculate p(-1).
-7
Let d(s) = -s**3 + 19*s**2 - 20*s + 20. What is d(18)?
-16
Let q(a) = 4*a + 3. What is q(-2)?
-5
Let l(r) = r**2 - 12*r + 19. Calculate l(7).
-16
Let c(f) = 3*f**2 + 12*f - 30. Determine c(-6).
6
Let r(u) = u**2 + 12*u + 25. Calculate r(-3).
-2
Let f(w) = w**2 + w + 4. Calculate f(3).
16
Let y(v) = v**3 - 7*v**2 + v + 22. Determine y(6).
-8
Let a(t) = -t**2 + 29*t + 210. Determine a(35).
0
Let j(k) = 29*k + 320. What is j(-11)?
1
Let s(q) = -q**2 + q + 4. What is s(-9)?
-86
Let o(m) = -2*m - 38. What is o(-7)?
-24
Let n(l) = 2*l - 3. What is n(-8)?
-19
Let t(i) = i**3 + 2*i**2 - i - 4. Calculate t(-2).
-2
Let g(u) = u**2 + 5*u - 15. Give g(3).
9
Let g(s) = 3*s**3 + s. Determine g(1).
4
Let q(p) = 4*p - 12. Calculate q(-4).
-28
Let d(a) = -7*a**2 + 69*a + 3. Give d(10).
-7
Let s(n) = -3*n + 5. What is s(-11)?
38
Let o(m) = -6*m**2 - 4*m + 3. Give o(2).
-29
Let o(z) = -2*z**2 + 3*z + 33. Determine o(-4).
-11
Let f(t) = t + 5. Determine f(-8).
-3
Let g(a) = a**2 - 12*a - 38. What is g(16)?
26
Let n(b) = 7*b - 160. Determine n(22).
-6
Let m(y) = 2*y**3 - 4*y**2 - 11*y + 27. Give m(4).
47
Let d(u) = -u + 5. Calculate d(13).
-8
Let j(g) = g**3 + 9*g**2 - 6*g + 8. What is j(-9)?
62
Let f(m) = -m**3 - 15*m**2 + 21*m + 7. Give f(-16).
-73
Let x(s) = -s**2 + 4*s + 62. Determine x(10).
2
Let a(v) = -v**3 + 8*v**2 - 2*v + 18. Calculate a(8).
2
Let c(n) = -n**3 + 4*n**2 + 13*n + 7. Calculate c(6).
13
Let i(q) = q**3 + 17*q**2 + 27*q - 36. What is i(-15)?
9
Let o(f) = f + 1. Give o(-4).
-3
Let m(j) = 2*j - 17. What is m(13)?
9
Let c(y) = -9*y**2 - 7*y + 5. Give c(2).
-45
Let f(y) = 2*y + 51. Calculate f(-23).
5
Let z(a) = 2*a**2 - 7*a - 6. What is z(0)?
-6
Let c(b) = -3*b**2 - 52*b + 30. Determine c(-18).
-6
Let k(n) = -4*n + 107. Determine k(16).
43
Let x(i) = i**3 - 11*i**2 + 8*i + 14. What is x(10)?
-6
Let g(r) = -4*r + 50. What is g(18)?
-22
Let m(w) = -7*w - 220. Calculate m(-33).
11
Let d(o) = -o - 26. What is d(-15)?
-11
Let k(y) = 9*y - 57. Calculate k(6).
-3
Let y(q) = 49*q**3 + 2*q**2 + 3*q + 2. Give y(-1).
-48
Let m(b) = -b**3 + 17*b**2 - 25*b + 107. What is m(16)?
-37
Let s(q) = 3*q - 97. Give s(25).
-22
Let l(o) = o**2 + o - 11. Give l(4).
9
Let o(t) = t**3 + t + 1. What is o(-1)?
-1
Let i(g) = 6*g + 42. Determine i(-6).
6
Let f(w) = -w**2 - 8*w - 15. Give f(-6).
-3
Let w(j) = -j + 29. Give w(14).
15
Let g(f) = 7*f - 64. Calculate g(9).
-1
Let c(v) = -v**3 + v**2 - 3*v - 11. Give c(0).
-11
Let k(f) = f**2 + 23*f + 8. Give k(-17).
-94
Let j(s) = -s + 27. Give j(8).
19
Let u(p) = -p**3 - 6*p**2 - 7*p - 5. Give u(-2).
-7
Let u(w) = w + 2. Give u(-8).
-6
Let u(z) = -z**3 + 2*z**2 + 61. What is u(0)?
61
Let u(p) = p**3 + 5*p**2 + 2*p + 12. Determine u(-5).
2
Let b(u) = u**2 + 9*u + 2. Calculate b(-9).
2
Let k(t) = -t**3 - 9*t**2 - 2*t - 2. Determine k(-9).
16
Let p(r) = 2*r**2 + 37*r + 132. What is p(-14)?
6
Let d(s) = 46*s - 19. What is d(3)?
119
Let a(w) = -67*w - 129. What is a(-2)?
5
Let z(l) = -l**3 - 4*l**2 + 11*l - 12. Calculate z(-6).
-6
Let w(x) = 3*x - 8. Give w(6).
10
Let l(f) = 19*f**3 - f. Calculate l(1).
18
Let y(b) = 2*b**2 + b. What is y(-1)?
1
Let a(t) = 15*t**3 + t**2 - 2*t - 1. Calculate a(-2).
-113
Let k(t) = 2*t**2 + 5*t + 3. Calculate k(-3).
6
Let o(r) = r**3 - r**2 - r - 1. Determine o(2).
1
Let x(o) = o**2 - 4*o - 2. Calculate x(3).
-5
Let c(w) = -w**2 - 26*w + 189. What is c(6)?
-3
Let n(v) = v**3 + 9*v**2 - 5. Determine n(-9).
-5
Let p(t) = -5*t - 83. Determine p(-14).
-13
Let w(c) = -2*c**3 - c**2 - 7*c - 6. What is w(-1)?
2
Let y(f) = f**3 - 4*f + 6. What is y(2)?
6
Let b(y) = 2*y**2 - 8*y + 4. Determine b(4).
4
Let j(t) = 2*t**2 - 2*t + 1. Determine j(-3).
25
Let j(l) = 5*l - 6. Give j(4).
14
Let d(x) = x**3 + 11*x**2 + 8*x - 16. Give d(-9).
74
Let w(v) = v**3 - 37*v**2 + 130*v + 52. Give w(33).
-14
Let g(v) = -v**2 - 3*v + 15. What is g(-5)?
5
Let f(w) = w**2 + 10*w + 15. Dete